[INFO] cloning repository https://github.com/MovingtoMars/moba
[INFO] running `Command { std: "git" "-c" "credential.helper=" "-c" "credential.helper=/workspace/cargo-home/bin/git-credential-null" "clone" "--bare" "https://github.com/MovingtoMars/moba" "/workspace/cache/git-repos/https%3A%2F%2Fgithub.com%2FMovingtoMars%2Fmoba", kill_on_drop: false }`
[INFO] [stderr] Cloning into bare repository '/workspace/cache/git-repos/https%3A%2F%2Fgithub.com%2FMovingtoMars%2Fmoba'...
[INFO] running `Command { std: "git" "rev-parse" "HEAD", kill_on_drop: false }`
[INFO] [stdout] f64eb60c65e7744a5b4d6e1da348feaf4580bbd3
[INFO] checking MovingtoMars/moba against master#9610dfe5a9a731ced1ea4923ecbd0c57fe367898 for beta-170-4
[INFO] running `Command { std: "git" "clone" "/workspace/cache/git-repos/https%3A%2F%2Fgithub.com%2FMovingtoMars%2Fmoba" "/workspace/builds/worker-6-tc1/source", kill_on_drop: false }`
[INFO] [stderr] Cloning into '/workspace/builds/worker-6-tc1/source'...
[INFO] [stderr] done.
[INFO] validating manifest of git repo https://github.com/MovingtoMars/moba on toolchain 9610dfe5a9a731ced1ea4923ecbd0c57fe367898
[INFO] running `Command { std: CARGO_HOME="/workspace/cargo-home" RUSTUP_HOME="/workspace/rustup-home" "/workspace/cargo-home/bin/cargo" "+9610dfe5a9a731ced1ea4923ecbd0c57fe367898" "metadata" "--manifest-path" "Cargo.toml" "--no-deps", kill_on_drop: false }`
[INFO] started tweaking git repo https://github.com/MovingtoMars/moba
[INFO] finished tweaking git repo https://github.com/MovingtoMars/moba
[INFO] tweaked toml for git repo https://github.com/MovingtoMars/moba written to /workspace/builds/worker-6-tc1/source/Cargo.toml
[INFO] crate git repo https://github.com/MovingtoMars/moba already has a lockfile, it will not be regenerated
[INFO] running `Command { std: CARGO_HOME="/workspace/cargo-home" RUSTUP_HOME="/workspace/rustup-home" "/workspace/cargo-home/bin/cargo" "+9610dfe5a9a731ced1ea4923ecbd0c57fe367898" "fetch" "--manifest-path" "Cargo.toml", kill_on_drop: false }`
[INFO] [stderr]     Updating crates.io index
[INFO] [stderr]     Updating git repository `https://github.com/PistonDevelopers/sdl2_window`
[INFO] [stderr]  Downloading crates ...
[INFO] [stderr]   Downloaded shader_version v0.2.2
[INFO] [stderr]   Downloaded core-graphics v0.4.2
[INFO] [stderr]   Downloaded piston-texture v0.5.0
[INFO] [stderr]   Downloaded vecmath v0.3.0
[INFO] [stderr]   Downloaded gleam v0.2.32
[INFO] [stderr]   Downloaded pulse v0.5.3
[INFO] [stderr]   Downloaded num v0.1.40
[INFO] [stderr]   Downloaded adler32 v1.0.0
[INFO] [stderr]   Downloaded gl v0.6.3
[INFO] [stderr]   Downloaded png v0.8.0
[INFO] [stderr]   Downloaded pistoncore-window v0.27.0
[INFO] [stderr]   Downloaded jpeg-decoder v0.1.13
[INFO] [stderr]   Downloaded ncollide_procedural v0.7.0
[INFO] [stderr]   Downloaded ncollide v0.12.0
[INFO] [stderr]   Downloaded textwrap v0.6.0
[INFO] [stderr]   Downloaded ncollide_pipeline v0.11.0
[INFO] [stderr]   Downloaded piston v0.32.0
[INFO] [stderr]   Downloaded ncollide_geometry v0.4.0
[INFO] [stderr]   Downloaded rayon v0.8.2
[INFO] [stderr]   Downloaded petgraph v0.4.5
[INFO] [stderr]   Downloaded nalgebra v0.12.3
[INFO] [stderr]   Downloaded piston2d-graphics v0.21.1
[INFO] [stderr]   Downloaded libc v0.2.28
[INFO] [stderr]   Downloaded winit v0.6.4
[INFO] [stderr]   Downloaded glutin v0.8.1
[INFO] [stderr]   Downloaded deflate v0.7.14
[INFO] [stderr]   Downloaded khronos_api v1.0.1
[INFO] [stderr]   Downloaded chan v0.1.19
[INFO] [stderr]   Downloaded piston-gfx_texture v0.25.0
[INFO] [stderr]   Downloaded hibitset v0.1.3
[INFO] [stderr]   Downloaded piston_window v0.67.0
[INFO] [stderr]   Downloaded conrod v0.54.0
[INFO] [stderr]   Downloaded piston2d-gfx_graphics v0.41.0
[INFO] [stderr]   Downloaded fixedbitset v0.1.6
[INFO] [stderr]   Downloaded gleam v0.4.8
[INFO] [stderr]   Downloaded gfx v0.16.1
[INFO] [stderr]   Downloaded rusttype v0.2.1
[INFO] [stderr]   Downloaded wayland-kbd v0.8.0
[INFO] [stderr]   Downloaded gfx_device_gl v0.14.1
[INFO] [stderr]   Downloaded serde_json v1.0.2
[INFO] [stderr]   Downloaded gfx_core v0.7.1
[INFO] [stderr]   Downloaded stb_truetype v0.2.1
[INFO] [stderr]   Downloaded wayland-scanner v0.8.7
[INFO] [stderr]   Downloaded wayland-client v0.8.7
[INFO] [stderr]   Downloaded x11-dl v2.14.0
[INFO] [stderr]   Downloaded odds v0.2.25
[INFO] [stderr]   Downloaded clap v2.25.1
[INFO] [stderr]   Downloaded conrod_derive v0.1.0
[INFO] [stderr]   Downloaded atom v0.3.4
[INFO] [stderr]   Downloaded shred v0.4.3
[INFO] [stderr]   Downloaded ncollide_transformation v0.7.0
[INFO] [stderr]   Downloaded alga v0.5.1
[INFO] [stderr]   Downloaded cocoa v0.5.2
[INFO] [stderr]   Downloaded pistoncore-glutin_window v0.37.0
[INFO] [stderr]   Downloaded num-bigint v0.1.40
[INFO] [stderr]   Downloaded serde_derive_internals v0.15.1
[INFO] [stderr]   Downloaded nodrop v0.1.9
[INFO] [stderr]   Downloaded arrayvec v0.3.23
[INFO] [stderr]   Downloaded generic-array v0.2.1
[INFO] [stderr]   Downloaded ncollide_math v0.7.0
[INFO] [stderr]   Downloaded ncollide_utils v0.7.0
[INFO] [stderr]   Downloaded pistoncore-event_loop v0.32.0
[INFO] [stderr]   Downloaded inflate v0.2.0
[INFO] [stderr]   Downloaded image v0.14.0
[INFO] [stderr]   Downloaded shared_library v0.1.7
[INFO] [stderr]   Downloaded wayland-sys v0.8.7
[INFO] [stderr]   Downloaded pistoncore-input v0.18.0
[INFO] [stderr]   Downloaded serde_derive v1.0.10
[INFO] [stderr]   Downloaded serde v1.0.10
[INFO] [stderr]   Downloaded crossbeam v0.2.10
[INFO] [stderr]   Downloaded smallvec v0.4.1
[INFO] [stderr]   Downloaded linked-hash-map v0.0.10
[INFO] [stderr]   Downloaded xml-rs v0.3.6
[INFO] [stderr]   Downloaded wayland-window v0.5.0
[INFO] [stderr]   Downloaded fnv v1.0.5
[INFO] [stderr]   Downloaded specs v0.9.3
[INFO] [stderr]   Downloaded tempfile v2.1.6
[INFO] [stderr]   Downloaded num-rational v0.1.39
[INFO] [stderr]   Downloaded redox_syscall v0.1.27
[INFO] [stderr]   Downloaded shred-derive v0.3.0
[INFO] [stderr]   Downloaded gl_generator v0.5.5
[INFO] running `Command { std: "docker" "create" "-v" "/var/lib/crater-agent-workspace/builds/worker-6-tc1/target:/opt/rustwide/target:rw,Z" "-v" "/var/lib/crater-agent-workspace/builds/worker-6-tc1/source:/opt/rustwide/workdir:ro,Z" "-v" "/var/lib/crater-agent-workspace/cargo-home:/opt/rustwide/cargo-home:ro,Z" "-v" "/var/lib/crater-agent-workspace/rustup-home:/opt/rustwide/rustup-home:ro,Z" "-e" "SOURCE_DIR=/opt/rustwide/workdir" "-e" "CARGO_TARGET_DIR=/opt/rustwide/target" "-e" "CARGO_HOME=/opt/rustwide/cargo-home" "-e" "RUSTUP_HOME=/opt/rustwide/rustup-home" "-w" "/opt/rustwide/workdir" "-m" "1610612736" "--user" "0:0" "--network" "none" "ghcr.io/rust-lang/crates-build-env/linux@sha256:19e73879b68f455e41552ea35293514db52ea292d993f571636dbffedb77a1ee" "/opt/rustwide/cargo-home/bin/cargo" "+9610dfe5a9a731ced1ea4923ecbd0c57fe367898" "metadata" "--no-deps" "--format-version=1", kill_on_drop: false }`
[INFO] [stdout] 7715eb3c81986d71894b5ee866e6530f744d100183bb4a6f5bac04b9a4a3da1e
[INFO] running `Command { std: "docker" "start" "-a" "7715eb3c81986d71894b5ee866e6530f744d100183bb4a6f5bac04b9a4a3da1e", kill_on_drop: false }`
[INFO] running `Command { std: "docker" "inspect" "7715eb3c81986d71894b5ee866e6530f744d100183bb4a6f5bac04b9a4a3da1e", kill_on_drop: false }`
[INFO] running `Command { std: "docker" "rm" "-f" "7715eb3c81986d71894b5ee866e6530f744d100183bb4a6f5bac04b9a4a3da1e", kill_on_drop: false }`
[INFO] [stdout] 7715eb3c81986d71894b5ee866e6530f744d100183bb4a6f5bac04b9a4a3da1e
[INFO] running `Command { std: "docker" "create" "-v" "/var/lib/crater-agent-workspace/builds/worker-6-tc1/target:/opt/rustwide/target:rw,Z" "-v" "/var/lib/crater-agent-workspace/builds/worker-6-tc1/source:/opt/rustwide/workdir:ro,Z" "-v" "/var/lib/crater-agent-workspace/cargo-home:/opt/rustwide/cargo-home:ro,Z" "-v" "/var/lib/crater-agent-workspace/rustup-home:/opt/rustwide/rustup-home:ro,Z" "-e" "SOURCE_DIR=/opt/rustwide/workdir" "-e" "CARGO_TARGET_DIR=/opt/rustwide/target" "-e" "CARGO_INCREMENTAL=0" "-e" "RUST_BACKTRACE=full" "-e" "RUSTFLAGS=--cap-lints=forbid" "-e" "RUSTDOCFLAGS=--cap-lints=forbid" "-e" "CARGO_HOME=/opt/rustwide/cargo-home" "-e" "RUSTUP_HOME=/opt/rustwide/rustup-home" "-w" "/opt/rustwide/workdir" "-m" "1610612736" "--user" "0:0" "--network" "none" "ghcr.io/rust-lang/crates-build-env/linux@sha256:19e73879b68f455e41552ea35293514db52ea292d993f571636dbffedb77a1ee" "/opt/rustwide/cargo-home/bin/cargo" "+9610dfe5a9a731ced1ea4923ecbd0c57fe367898" "check" "--frozen" "--all" "--all-targets" "--message-format=json", kill_on_drop: false }`
[INFO] [stdout] e69d532735308097e31c12c341ab4badd19655c7ceb4fbed102ab63db86855c4
[INFO] running `Command { std: "docker" "start" "-a" "e69d532735308097e31c12c341ab4badd19655c7ceb4fbed102ab63db86855c4", kill_on_drop: false }`
[INFO] [stderr]     Checking libc v0.2.28
[INFO] [stderr]     Checking num-traits v0.1.40
[INFO] [stderr]     Checking lazy_static v0.2.8
[INFO] [stderr]     Checking rustc-serialize v0.3.24
[INFO] [stderr]    Compiling siphasher v0.2.2
[INFO] [stderr]    Compiling unicode-xid v0.0.4
[INFO] [stderr]    Compiling quote v0.3.15
[INFO] [stderr]    Compiling dtoa v0.4.1
[INFO] [stderr]    Compiling bitflags v0.9.1
[INFO] [stderr]    Compiling itoa v0.3.1
[INFO] [stderr]    Compiling serde v0.9.15
[INFO] [stderr]     Checking bitflags v0.8.2
[INFO] [stderr]    Compiling log v0.3.8
[INFO] [stderr]    Compiling khronos_api v1.0.1
[INFO] [stderr]    Compiling rayon-core v1.2.1
[INFO] [stderr]     Checking scopeguard v0.3.2
[INFO] [stderr]    Compiling xml-rs v0.6.1
[INFO] [stderr]     Checking either v1.1.0
[INFO] [stderr]    Compiling phf_shared v0.7.21
[INFO] [stderr]    Compiling typenum v1.9.0
[INFO] [stderr]     Checking byteorder v1.1.0
[INFO] [stderr]    Compiling bitflags v0.7.0
[INFO] [stderr]     Checking piston-float v0.3.0
[INFO] [stderr]     Checking coco v0.1.1
[INFO] [stderr]    Compiling phf v0.7.21
[INFO] [stderr]     Checking futures v0.1.14
[INFO] [stderr]    Compiling xml-rs v0.3.6
[INFO] [stderr]    Compiling winapi-build v0.1.1
[INFO] [stderr]     Checking piston-viewport v0.3.0
[INFO] [stderr]     Checking approx v0.1.1
[INFO] [stderr]    Compiling synom v0.11.3
[INFO] [stderr]     Checking num-integer v0.1.35
[INFO] [stderr]     Checking odds v0.2.25
[INFO] [stderr]     Checking winapi v0.2.8
[INFO] [stderr]    Compiling kernel32-sys v0.2.2
[INFO] [stderr]    Compiling syn v0.10.8
[INFO] [stderr]     Checking rand v0.3.15
[INFO] [stderr]     Checking num_cpus v1.6.2
[INFO] [stderr]     Checking num-iter v0.1.34
[INFO] [stderr]    Compiling itertools v0.5.10
[INFO] [stderr]    Compiling syn v0.11.11
[INFO] [stderr]    Compiling pkg-config v0.3.9
[INFO] [stderr]     Checking nodrop v0.1.9
[INFO] [stderr]     Checking draw_state v0.7.1
[INFO] [stderr]     Checking adler32 v1.0.0
[INFO] [stderr]     Checking arrayvec v0.3.23
[INFO] [stderr]    Compiling gl_generator v0.5.5
[INFO] [stderr]    Compiling wayland-scanner v0.8.7
[INFO] [stderr]     Checking fs2 v0.2.5
[INFO] [stderr]     Checking shader_version v0.2.2
[INFO] [stderr]     Checking memmap v0.4.0
[INFO] [stderr]     Checking tempfile v2.1.6
[INFO] [stderr]    Compiling phf_generator v0.7.21
[INFO] [stderr]    Compiling x11-dl v2.14.0
[INFO] [stderr]     Checking deflate v0.7.14
[INFO] [stderr]    Compiling phf_codegen v0.7.21
[INFO] [stderr]     Checking shared_library v0.1.7
[INFO] [stderr]     Checking byteorder v0.4.2
[INFO] [stderr]     Checking inflate v0.2.0
[INFO] [stderr]     Checking color_quant v1.0.0
[INFO] [stderr]    Compiling target_build_utils v0.3.1
[INFO] [stderr]     Checking lzw v0.10.0
[INFO] [stderr]     Checking enum_primitive v0.1.1
[INFO] [stderr]    Compiling wayland-client v0.8.7
[INFO] [stderr]     Checking linked-hash-map v0.0.10
[INFO] [stderr]     Checking piston-texture v0.5.0
[INFO] [stderr]     Checking stb_truetype v0.2.1
[INFO] [stderr]     Checking atom v0.3.4
[INFO] [stderr]     Checking gif v0.9.2
[INFO] [stderr]     Checking scoped_threadpool v0.1.7
[INFO] [stderr]     Checking osmesa-sys v0.1.2
[INFO] [stderr]     Checking rayon v0.8.2
[INFO] [stderr]     Checking rayon v0.7.1
[INFO] [stderr]     Checking time v0.1.38
[INFO] [stderr]     Checking vecmath v0.3.0
[INFO] [stderr]     Checking num-complex v0.1.40
[INFO] [stderr]     Checking num-bigint v0.1.40
[INFO] [stderr]     Checking pistoncore-input v0.18.0
[INFO] [stderr]    Compiling gl v0.6.3
[INFO] [stderr]    Compiling gfx_gl v0.3.1
[INFO] [stderr]    Compiling glutin v0.8.1
[INFO] [stderr]     Checking alga v0.5.1
[INFO] [stderr]     Checking generic-array v0.2.1
[INFO] [stderr]     Checking rusttype v0.2.1
[INFO] [stderr]     Checking interpolation v0.1.0
[INFO] [stderr]     Checking fnv v1.0.5
[INFO] [stderr]     Checking num-rational v0.1.39
[INFO] [stderr]     Checking png v0.8.0
[INFO] [stderr]     Checking read_color v0.1.0
[INFO] [stderr]     Checking nalgebra v0.12.3
[INFO] [stderr]     Checking fixedbitset v0.1.6
[INFO] [stderr]    Compiling shred-derive v0.3.0
[INFO] [stderr]    Compiling serde_json v0.9.10
[INFO] [stderr]     Checking pistoncore-window v0.27.0
[INFO] [stderr]     Checking piston2d-graphics v0.21.1
[INFO] [stderr]     Checking jpeg-decoder v0.1.13
[INFO] [stderr]     Checking petgraph v0.4.5
[INFO] [stderr]     Checking pistoncore-event_loop v0.32.0
[INFO] [stdout] error[E0311]: the parameter type `K` may not live long enough
[INFO] [stdout]   --> /opt/rustwide/cargo-home/registry/src/index.crates.io-6f17d22bba15001f/rusttype-0.2.1/src/support/bst/map.rs:81:19
[INFO] [stdout]    |
[INFO] [stdout] 81 |             match node.force() {
[INFO] [stdout]    |                   ^^^^
[INFO] [stdout]    |
[INFO] [stdout] note: the parameter type `K` must be valid for the anonymous lifetime defined here...
[INFO] [stdout]   --> /opt/rustwide/cargo-home/registry/src/index.crates.io-6f17d22bba15001f/rusttype-0.2.1/src/support/bst/map.rs:78:37
[INFO] [stdout]    |
[INFO] [stdout] 78 |                 node: node::NodeRef<marker::Immut, K, V, marker::LeafOrInternal>)
[INFO] [stdout]    |                                     ^^^^^^^^^^^^^
[INFO] [stdout] note: ...so that the type `K` will meet its required lifetime bounds
[INFO] [stdout]   --> /opt/rustwide/cargo-home/registry/src/index.crates.io-6f17d22bba15001f/rusttype-0.2.1/src/support/bst/map.rs:81:19
[INFO] [stdout]    |
[INFO] [stdout] 81 |             match node.force() {
[INFO] [stdout]    |                   ^^^^
[INFO] [stdout] help: consider adding an explicit lifetime bound...
[INFO] [stdout]    |
[INFO] [stdout] 77 ~         fn clone_subtree<'a, K: Clone + 'a, V: Clone>(
[INFO] [stdout] 78 ~                 node: node::NodeRef<marker::Immut<'a>, K, V, marker::LeafOrInternal>)
[INFO] [stdout]    |
[INFO] [stdout] 
[INFO] [stdout] 
[INFO] [stdout] error[E0311]: the parameter type `V` may not live long enough
[INFO] [stdout]   --> /opt/rustwide/cargo-home/registry/src/index.crates.io-6f17d22bba15001f/rusttype-0.2.1/src/support/bst/map.rs:81:19
[INFO] [stdout]    |
[INFO] [stdout] 81 |             match node.force() {
[INFO] [stdout]    |                   ^^^^
[INFO] [stdout]    |
[INFO] [stdout] note: the parameter type `V` must be valid for the anonymous lifetime defined here...
[INFO] [stdout]   --> /opt/rustwide/cargo-home/registry/src/index.crates.io-6f17d22bba15001f/rusttype-0.2.1/src/support/bst/map.rs:78:37
[INFO] [stdout]    |
[INFO] [stdout] 78 |                 node: node::NodeRef<marker::Immut, K, V, marker::LeafOrInternal>)
[INFO] [stdout]    |                                     ^^^^^^^^^^^^^
[INFO] [stdout] note: ...so that the type `V` will meet its required lifetime bounds
[INFO] [stdout]   --> /opt/rustwide/cargo-home/registry/src/index.crates.io-6f17d22bba15001f/rusttype-0.2.1/src/support/bst/map.rs:81:19
[INFO] [stdout]    |
[INFO] [stdout] 81 |             match node.force() {
[INFO] [stdout]    |                   ^^^^
[INFO] [stdout] help: consider adding an explicit lifetime bound...
[INFO] [stdout]    |
[INFO] [stdout] 77 ~         fn clone_subtree<'a, K: Clone, V: Clone + 'a>(
[INFO] [stdout] 78 ~                 node: node::NodeRef<marker::Immut<'a>, K, V, marker::LeafOrInternal>)
[INFO] [stdout]    |
[INFO] [stdout] 
[INFO] [stdout] 
[INFO] [stderr]     Checking pulse v0.5.3
[INFO] [stdout] error: aborting due to 2 previous errors
[INFO] [stdout] 
[INFO] [stdout] 
[INFO] [stdout] For more information about this error, try `rustc --explain E0311`.
[INFO] [stdout] 
[INFO] [stderr] error: could not compile `rusttype` (lib) due to 3 previous errors
[INFO] [stderr] warning: build failed, waiting for other jobs to finish...
[INFO] [stdout] error[E0119]: conflicting implementations of trait `Mul<&_>` for type `translation::TranslationBase<_, _, _>`
[INFO] [stdout]    --> /opt/rustwide/cargo-home/registry/src/index.crates.io-6f17d22bba15001f/nalgebra-0.12.3/src/geometry/isometry_ops.rs:68:9
[INFO] [stdout]     |
[INFO] [stdout] 68  | /         impl<$($lives ,)* N, D: DimName, S, R> $Op<$Rhs> for $Lhs
[INFO] [stdout] 69  | |             where N: Real,
[INFO] [stdout] 70  | |                   S: OwnedStorage<N, D, U1>,
[INFO] [stdout] 71  | |                   R: Rotation<PointBase<N, D, S>>,
[INFO] [stdout] ...   |
[INFO] [stdout] 78  | |             }
[INFO] [stdout] 79  | |         }
[INFO] [stdout]     | |         ^
[INFO] [stdout]     | |         |
[INFO] [stdout]     | |_________first implementation here
[INFO] [stdout]     |           conflicting implementation for `translation::TranslationBase<_, _, _>`
[INFO] [stdout] ...
[INFO] [stdout] 286 | / isometry_binop_impl_all!(
[INFO] [stdout] 287 | |     Mul, mul;
[INFO] [stdout] 288 | |     self: TranslationBase<N, D, S>, right: R, Output = IsometryBase<N, D, S, R>;
[INFO] [stdout] 289 | |     [val val] => IsometryBase::from_parts(self, right);
[INFO] [stdout] ...   |
[INFO] [stdout] 292 | |     [ref ref] => IsometryBase::from_parts(self.clone(), right.clone());
[INFO] [stdout] 293 | | );
[INFO] [stdout]     | |_- in this macro invocation
[INFO] [stdout]     |
[INFO] [stdout]     = note: downstream crates may implement trait `alga::linear::Rotation<geometry::point::PointBase<_, _, _>>` for type `&_`
[INFO] [stdout]     = note: this error originates in the macro `isometry_binop_impl` which comes from the expansion of the macro `isometry_binop_impl_all` (in Nightly builds, run with -Z macro-backtrace for more info)
[INFO] [stdout] 
[INFO] [stdout] 
[INFO] [stdout] error[E0119]: conflicting implementations of trait `Mul<&_>` for type `&translation::TranslationBase<_, _, _>`
[INFO] [stdout]    --> /opt/rustwide/cargo-home/registry/src/index.crates.io-6f17d22bba15001f/nalgebra-0.12.3/src/geometry/isometry_ops.rs:68:9
[INFO] [stdout]     |
[INFO] [stdout] 68  | /         impl<$($lives ,)* N, D: DimName, S, R> $Op<$Rhs> for $Lhs
[INFO] [stdout] 69  | |             where N: Real,
[INFO] [stdout] 70  | |                   S: OwnedStorage<N, D, U1>,
[INFO] [stdout] 71  | |                   R: Rotation<PointBase<N, D, S>>,
[INFO] [stdout] ...   |
[INFO] [stdout] 78  | |             }
[INFO] [stdout] 79  | |         }
[INFO] [stdout]     | |         ^
[INFO] [stdout]     | |         |
[INFO] [stdout]     | |_________first implementation here
[INFO] [stdout]     |           conflicting implementation for `&translation::TranslationBase<_, _, _>`
[INFO] [stdout] ...
[INFO] [stdout] 286 | / isometry_binop_impl_all!(
[INFO] [stdout] 287 | |     Mul, mul;
[INFO] [stdout] 288 | |     self: TranslationBase<N, D, S>, right: R, Output = IsometryBase<N, D, S, R>;
[INFO] [stdout] 289 | |     [val val] => IsometryBase::from_parts(self, right);
[INFO] [stdout] ...   |
[INFO] [stdout] 292 | |     [ref ref] => IsometryBase::from_parts(self.clone(), right.clone());
[INFO] [stdout] 293 | | );
[INFO] [stdout]     | |_- in this macro invocation
[INFO] [stdout]     |
[INFO] [stdout]     = note: downstream crates may implement trait `alga::linear::Rotation<geometry::point::PointBase<_, _, _>>` for type `&_`
[INFO] [stdout]     = note: this error originates in the macro `isometry_binop_impl` which comes from the expansion of the macro `isometry_binop_impl_all` (in Nightly builds, run with -Z macro-backtrace for more info)
[INFO] [stdout] 
[INFO] [stdout] 
[INFO] [stdout] error: aborting due to 2 previous errors
[INFO] [stdout] 
[INFO] [stdout] 
[INFO] [stdout] For more information about this error, try `rustc --explain E0119`.
[INFO] [stdout] 
[INFO] [stderr] error: could not compile `nalgebra` (lib) due to 3 previous errors
[INFO] running `Command { std: "docker" "inspect" "e69d532735308097e31c12c341ab4badd19655c7ceb4fbed102ab63db86855c4", kill_on_drop: false }`
[INFO] running `Command { std: "docker" "rm" "-f" "e69d532735308097e31c12c341ab4badd19655c7ceb4fbed102ab63db86855c4", kill_on_drop: false }`
[INFO] [stdout] e69d532735308097e31c12c341ab4badd19655c7ceb4fbed102ab63db86855c4
